{"id":9534,"date":"2014-04-28T11:37:57","date_gmt":"2014-04-28T09:37:57","guid":{"rendered":"http:\/\/www.manologarciaycia.com\/?page_id=9534"},"modified":"2022-03-16T09:42:47","modified_gmt":"2022-03-16T08:42:47","slug":"biografia-los-rapidos","status":"publish","type":"page","link":"https:\/\/www.manologarciaycia.com\/?page_id=9534","title":{"rendered":"BIOgraf\u00eda de Los R\u00e1pidos"},"content":{"rendered":"<p><a href=\"http:\/\/www.manologarciaycia.com\/wp-content\/uploads\/2014\/04\/los-rapidos.jpg\"><img loading=\"lazy\" decoding=\"async\" src=\"http:\/\/www.manologarciaycia.com\/wp-content\/uploads\/2014\/04\/los-rapidos.jpg\" alt=\"los-rapidos\" width=\"200\" height=\"178\" class=\"alignleft size-full wp-image-9535\" \/><\/a><\/p>\n<p>Los R\u00e1pidos (1980-1982) fue un grupo musical de rock espa\u00f1ol formado por Manolo Garc\u00eda (vocalista), Esteban Mart\u00edn (teclista), Antonio Fidel (bajista), Josep Llu\u00eds P\u00e9rez (guitarrista) y Llu\u00eds Visiers (bater\u00eda) y nacido en la ciudad de Barcelona. A pesar de su reducida repercusi\u00f3n en la d\u00e9cada de los 80, fue precursor de Los Burros y \u00e9ste a su vez de uno de los grupos m\u00e1s importantes de la historia de Espa\u00f1a: El \u00daltimo de la Fila.<\/p>\n<p><b>Precedentes<\/b><\/p>\n<p>A principios de 1980, el m\u00fasico de origen argentino pero residente en Espa\u00f1a Sergio Makaroff estaba buscando m\u00fasicos para la grabaci\u00f3n de un LP con sus \u00faltimas composiciones. Para ello precisaba cuatro m\u00fasicos (un guitarrista, un bajista, un teclista y un bater\u00eda). Pronto se encontrar\u00eda con Manolo Garc\u00eda (* El Poblenou, Barcelona, 1955), bater\u00eda curtido en grupos locales como Materia Gris y Esteban Mart\u00edn (llamado Esteban Hirschfeld cuando decide usar su otro apellido), conocido teclista de origen uruguayo-alem\u00e1n afincado en Barcelona.<\/p>\n<p>Sergio encarg\u00f3 a Manolo y Esteban la tarea de buscar el resto de componentes del grupo, cosa que les result\u00f3 harto dif\u00edcil, ya que no abundaban bajistas disponibles de suficiente calidad en Barcelona. Les acompa\u00f1\u00f3 la suerte cuando vieron bajar del metro a Antonio Fidel (* Cartagena), un hippie que peregrinaba en busca de una oportunidad, que a pesar de no haber tocado el bajo en su vida accedi\u00f3 a colaborar en el proyecto de Sergio. Para buscar al guitarrista, los componentes ya seleccionados empezaron a probar guitarristas para completar el encargo, para ello se instalan en un local y tras numerosas pruebas se encuentran con Josep Llu\u00eds P\u00e9rez, guitarrista experimentado que recientemente hab\u00eda abandonado la banda sinf\u00f3nica Abedul con la que hab\u00eda incluso grabado un disco; tocando tan solo unas pocas notas consigui\u00f3 ser elegido por unanimidad.<\/p>\n<p>Tras unirse el cuarteto de m\u00fasicos con Makaroff comienzan la grabaci\u00f3n del disco que finalmente se llam\u00f3 Tengo una idea. Una vez realizado el encargo, los 4 m\u00fasicos decidieron probar fortuna uni\u00e9ndose en calidad de conjunto musical independiente, a\u00f1adiendo al bater\u00eda Llu\u00eds Visiers para que Manolo Garc\u00eda pudiera ser el vocalista del grupo.<\/p>\n<p><b>Historia<\/b><\/p>\n<p><i>El contrato con EMI y el origen del nombre<\/i><\/p>\n<p>Sin todav\u00eda un nombre definido, los cinco m\u00fasicos trabajaron r\u00e1pidamente dando forma a una buena cantidad de temas propios y pronto grabaron su primera maqueta, la cual entregaron a las oficinas de EMI. Con tan s\u00f3lo dos meses de ensayos obtuvieron su primer contrato discogr\u00e1fico, y al haber sido obtenido en tan poco plazo de tiempo decidieron bautizar su banda como Los R\u00e1pidos.<\/p>\n<p><i>El disco y la gira<\/i><\/p>\n<p>En 1980 graban su primer y \u00fanico LP durante la etapa en la que el grupo se mantuvo unido, que sali\u00f3 a la venta al a\u00f1o siguiente junto con su primer single Amor biodegradable. El disco se qued\u00f3 con el nombre de R\u00e1pidos y conten\u00eda 12 canciones de un marcado y sencillo pop-rock, con pocos alardes; algunas veces intimista como Navaja de papel y otras como T.V. o Ruta del sur con un sonido muy parecido al de los grupos punk de la movida madrile\u00f1a. Es m\u00e1s, su discogr\u00e1fica apost\u00f3 por ellos como la alternativa catalana dicha manifestaci\u00f3n cultural, sin embargo las cifras de venta del disco apenas superaron las 2.000 copias.<\/p>\n<p>A pesar de la escasa repercusi\u00f3n en ventas, dieron en torno a 300 conciertos por Catalu\u00f1a y alrededores, normalmente ante un escaso p\u00fablico. Fue en directo donde el grupo empez\u00f3 a transgredir, debido al espect\u00e1culo que montaban durante sus actuaciones, que iban desde duchas de espuma a romper televisores con un hacha ante el asombrado p\u00fablico, pasando por adornar el escenario con bidones y pl\u00e1sticos. Sol\u00edan caracterizarse por llevar un embudo en la cabeza que expulsaba humo al ser conectado mediante un tubo pl\u00e1stico a un generador de vapor. Esa mezcla de concierto musical y happening teatral eran las se\u00f1as de identidad por las que apostaron, y, aunque peque\u00f1a, el grupo iba haci\u00e9ndose con una comunidad de fieles seguidores.<\/p>\n<p>Adem\u00e1s de conciertos propios, tuvieron su papel como teloneros de grupos como La Orquesta Mondrag\u00f3n (con el cual estuvieron relacionados cierto tiempo) y Ramones. Tambi\u00e9n tuvieron una exc\u00e9ntrica actuaci\u00f3n en el programa de m\u00fasica Musical Express.<\/p>\n<p><i>La llegada de Quimi y la disoluci\u00f3n del grupo<\/i><\/p>\n<p>En 1981, a mitad de la gira y tras el lanzamiento de su segundo single Ruta del sur, el grupo ya ten\u00eda grabada la maqueta que una vez aceptada, ser\u00eda su segundo LP. Sin embargo EMI la termin\u00f3 rechazando, as\u00ed como su apoyo al grupo, que se ver\u00eda pronto abocado a la disoluci\u00f3n. No obstante, Los R\u00e1pidos continuaron sus actuaciones hasta finales de a\u00f1o.<\/p>\n<p>En una de esas actuaciones, concretamente en el festival Rock de Lluna en junio de 1981 coincidieron Los R\u00e1pidos con el grupo Kul de Mandril, en el que Quimi Portet (* Vich, Barcelona, 1957) tocaba la guitarra el\u00e9ctrica. Al grupo le gust\u00f3 la idea de que Quimi se uniera a Los R\u00e1pidos para sus \u00faltimos directos, que no fueron muchos debido a la inminente separaci\u00f3n de los componentes por la poca perspectiva de \u00e9xito.<\/p>\n<p><i>La dispersi\u00f3n de los componentes<\/i><\/p>\n<p>Tras la retirada del apoyo de la discogr\u00e1fica, los componentes de Los R\u00e1pidos pensaron que ser\u00eda mejor distanciarse y probar suerte en otros proyectos. Esteban Mart\u00edn pas\u00f3 a formar parte de los m\u00fasicos habituales de Gabinete Caligari y perdi\u00f3 totalmente el contacto con el resto de componentes, mientras que Manolo Garc\u00eda se march\u00f3 al Pa\u00eds Vasco para intentar crear una nueva formaci\u00f3n musical con la ayuda de La Orquesta Mondrag\u00f3n; no obstante no tuvo \u00e9xito.<\/p>\n<p>Los dem\u00e1s componentes (incluido Quimi Portet) junto con el bater\u00eda Jordi Vila, que compensaba la escasa participaci\u00f3n de Visiers, se quedaron en Barcelona componiendo nuevas canciones, creando un nuevo grupo que pasar\u00eda a llamarse Los Burros tras el regreso de Manolo Garc\u00eda. Editaron un LP en 1983, Rebuznos de amor, publicado por la discogr\u00e1fica Belter, con el que tuvieron tan poco \u00e9xito en ventas como con el anterior, pero con el que empezaron a sonar algunas canciones que tras el paso del tiempo siguen siendo recordadas.<\/p>\n<p>Manolo y Quimi deciden abandonar el proyecto y emprender una carrera conjunta, bajo el nombre de El \u00daltimo de la Fila, con la que editaron 7 discos y con el que llegaron al gran p\u00fablico y obtuvieron un \u00e9xito y un reconocimiento a nivel nacional, con numerosos premios y varios millones de discos vendidos. Pese a ello, durante esta etapa de vez en cuando retomaban temas de su etapa en Los R\u00e1pidos para los conciertos. Antonio Fidel y Josep Llu\u00eds P\u00e9rez siguieron colaborando activamente como m\u00fasicos de estudio y de directo de la nueva formaci\u00f3n, mientras que Llu\u00eds Visiers no volvi\u00f3 a colaborar tras su breve aportaci\u00f3n en Los Burros.<\/p>\n<p><i>El reencuentro de 1995<\/i><\/p>\n<p>En 1995 los cinco miembros de Los R\u00e1pidos se pusieron en contacto para publicar un disco con las maquetas que compusieron durante su gira de presentaci\u00f3n de su \u00fanico \u00e1lbum editado. Bajo el t\u00edtulo de Los R\u00e1pidos 2: Maquetas, publicado por Perro Records, se hallan 11 maquetas grabadas rudimentariamente y sin apenas postproducci\u00f3n, pero con un sonido aceptable. Incluye algunas canciones que ya usaran en Los Burros (aunque en una versi\u00f3n diferente) y otras completamente desconocidas que de otra forma nunca hubiesen visto la luz. Pese a la escasa intenci\u00f3n comercial del disco, junto con su lanzamiento sali\u00f3 el single Cine ideal, tema incluido en el disco. Adem\u00e1s, la discogr\u00e1fica aprovech\u00f3 para reeditar el \u00e1lbum R\u00e1pidos en formato CD.<\/p>\n<p>Actualmente, Manolo Garc\u00eda y Quimi Portet tienen carreras musicales en solitario, con 5 y 7 discos editados respectivamente. Antonio Fidel sigue colaborando en los discos de ambos artistas aunque combina dicha labor con regentar la Librer\u00eda Athenas en Cartagena, especializada en t\u00e1ctica de guerra naval.<\/p>\n<p>Fuente: Wikipedia &#8211; <a href=\"http:\/\/es.wikipedia.org\/wiki\/Los_R%C3%A1pidos\" target=\"_blank\" rel=\"noopener\">ENLACE<\/a><\/p>\n<p><strong>Los R\u00e1pidos<\/strong><\/p>\n<p>A principios de 1980 Sergio Makaroff, argentino afincado en Espa\u00f1a, andaba buscando m\u00fasicos para grabar. As\u00ed, entra en contacto con Manolo Garc\u00eda, bater\u00eda que ya hab\u00eda formado parte de grupos locales como Materia Gris, y Esteban Mart\u00edn (Esteban Hirschfeld, de Los Mockers de Montevideo), teclista uruguayo-alem\u00e1n residente en Barcelona. Sergio les pide que busquen al resto de componentes, y estos no se lo piensan dos veces a la hora de propon\u00e9rselo a Antonio Fidel, un hippie cartagin\u00e9s que se bajaba del metro guitarra en mano. A pesar de no haber tocado el bajo en su vida Antonio accede a colaborar, y para el puesto de la guitarra prueban distinta gente hasta que encuentran a Josep Llu\u00eds P\u00e9rez, procedente del grupo sinf\u00f3nico Abedul. La banda ya estaba formada y Makaroff grababa \u00abTengo una Idea\u00bb (CBS, 1980).<\/p>\n<p>Tras ello, los m\u00fasicos, que hab\u00edan sintonizado, deciden probar suerte por ellos mismos animados por Manolo, quien quer\u00eda afrontar la composici\u00f3n de sus propios temas. Para ello incorporan a Llu\u00eds Visiers a la bater\u00eda (tambi\u00e9n procedente de Abedul), ya que Manolo Garc\u00eda, quien ya hab\u00eda hecho coros, quer\u00eda ser el vocalista. Sin todav\u00eda nombre graban una maqueta que presentan a EMI, y esta inmediatamente les firma su primer contrato discogr\u00e1fico, apostando fuertemente por ellos. De ah\u00ed que deciden llamarse Los R\u00e1pidos.<\/p>\n<p>Al a\u00f1o siguiente sal\u00eda su primer y \u00fanico LP, \u00abR\u00e1pidos\u00bb (EMI, 1981), del cual se extrajeron dos sencillos, \u00abAmor biodegradable\u00bb y \u00abRuta del Sur\u00bb. El disco ven\u00eda a poner el contrapunto barcelon\u00e9s a lo que se estaba fraguando en Madrid, trayendo aires nuevaoleros en los ritmos al estilo de formaciones como Pl\u00e1stico o Esqueletos, y mostrando una gran actitud en el escenario, realizando una performance muy a tono con la \u00e9poca, con explosi\u00f3n de televisores, fumigadoras de aire comprimido, duchas de espuma, utensilios de cocina, etc. incluidos. Algo que en el momento no s\u00f3lo daba mucho juego, sino que causaba perplejidad entre el respetable (en la fiesta conmemorativa del 5\u00ba aniversario del Front d&#8217; Alliberament Gai de Catalunya, ante 10.000 personas que se dieron cita en las cocheras del Clot, los organizadores se asustaron tanto que irrumpieron en el escenario agitando los billetes para que se bajasen tras s\u00f3lo cinco temas).<\/p>\n<p>Telonearon a la Orquesta Mondrag\u00f3n e incluso a los Ramones en su visita a Espa\u00f1a en la Festa del Treball, por insistencia de Manolo, que llam\u00f3 y suplic\u00f3 una y mil veces a los organizadores. Tambi\u00e9n tuvieron una aparici\u00f3n en Musical Express, donde se puede ver la energ\u00eda de Manolo, ataviado como un mod nuevaolero, al m\u00e1s puro estilo Elvis Costello.<\/p>\n<p>Sin embargo las cifras de ventas del disco fueron muy pobres para lo que EMI hab\u00eda invertido, y tras el lanzamiento de su segundo single, el grupo, que ya ten\u00eda grabada la maqueta de la que ser\u00eda su segundo LP, no cuenta con el respaldo de la disquera.<\/p>\n<p>Los R\u00e1pidos continuaron sus actuaciones hasta finales de a\u00f1o, y dieron en total en torno a trescientos conciertos por Catalu\u00f1a y alrededores. Una de las pocas veces que actuaron fuera de su regi\u00f3n lo hicieron en el estadio de La Romareda de Zaragoza, compartiendo escenario con Lone Star y Kevin Ayers. Tambi\u00e9n presentaron su propuesta en Madrid en la sala Marquee ante unas 25 personas. En una de esas actuaciones, en el festival Rock de Lluna en junio de 1981 organizado por los quintos de Els Hostalets de Baleny\u00e0 coincidieron con Kul de Mandril, en el que Quimi Portet tocaba la guitarra el\u00e9ctrica. Al grupo le encantaron las maneras de Quimi, y le proponen unirse al grupo para sus \u00faltimos directos.<\/p>\n<p>Una vez finiquitados los conciertos, y tras la retirada del apoyo de EMI, los componentes de Los R\u00e1pidos se integran en distintos proyectos. Esteban Mart\u00edn pas\u00f3 a colaborar habitualmente con Gabinete Caligari y Nacha Pop, mientras que Manolo Garc\u00eda se march\u00f3 al Pa\u00eds Vasco para intentar crear una nueva formaci\u00f3n musical con la ayuda de la Orquesta Mondrag\u00f3n. El resto de componentes junto con el bater\u00eda Jordi Vila, crean un nuevo conjunto que acabar\u00eda llam\u00e1ndose Los Burros tras el regreso de Manolo Garc\u00eda del Pa\u00eds Vasco y su incorporaci\u00f3n al mismo.<\/p>\n<p>Una vez extintos Los Burros y dado paso a El \u00daltimo de la Fila, para los directos de vez en cuando se retoma alg\u00fan tema de la etapa de Los R\u00e1pidos, y se guardan buenas relaciones con Antonio Fidel y Josep Llu\u00eds P\u00e9rez. As\u00ed, en 1995 los cinco miembros de Los R\u00e1pidos deciden publicar un disco con la maqueta del que iba a haber sido su segundo LP, bajo el t\u00edtulo de \u00abLos R\u00e1pidos 2: Maquetas\u00bb (Perro, 1995), publicado por Perro Records. Adem\u00e1s, junto con su lanzamiento sali\u00f3 el single \u00abCine ideal\u00bb, y la discogr\u00e1fica aprovech\u00f3 para reeditar el primer \u00e1lbum en CD.<\/p>\n<p>Fuente: La Fonoteca &#8211; <a href=\"http:\/\/lafonoteca.net\/grupos\/los-rapidos\" target=\"_blank\" rel=\"noopener\">ENLACE<\/a><\/p>\n","protected":false},"excerpt":{"rendered":"<p>Los R\u00e1pidos (1980-1982) fue un grupo musical de rock espa\u00f1ol formado por Manolo Garc\u00eda (vocalista), Esteban Mart\u00edn (teclista), Antonio Fidel (bajista), Josep Llu\u00eds P\u00e9rez (guitarrista) y Llu\u00eds Visiers (bater\u00eda) y nacido en la ciudad de Barcelona. A pesar de su reducida repercusi\u00f3n en la d\u00e9cada de los 80, fue precursor de Los Burros y \u00e9ste<a class=\"moretag\" href=\"https:\/\/www.manologarciaycia.com\/?page_id=9534\" title=\"BIOgraf\u00eda de Los R\u00e1pidos\" target=\"_self\" rel=\"follow\"> <font face=arial size=2>[Leer m\u00e1s]<\/font> <\/a><\/p>\n","protected":false},"author":2,"featured_media":0,"parent":0,"menu_order":0,"comment_status":"closed","ping_status":"closed","template":"","meta":{"footnotes":""},"class_list":["post-9534","page","type-page","status-publish","hentry"],"_links":{"self":[{"href":"https:\/\/www.manologarciaycia.com\/index.php?rest_route=\/wp\/v2\/pages\/9534","targetHints":{"allow":["GET"]}}],"collection":[{"href":"https:\/\/www.manologarciaycia.com\/index.php?rest_route=\/wp\/v2\/pages"}],"about":[{"href":"https:\/\/www.manologarciaycia.com\/index.php?rest_route=\/wp\/v2\/types\/page"}],"author":[{"embeddable":true,"href":"https:\/\/www.manologarciaycia.com\/index.php?rest_route=\/wp\/v2\/users\/2"}],"replies":[{"embeddable":true,"href":"https:\/\/www.manologarciaycia.com\/index.php?rest_route=%2Fwp%2Fv2%2Fcomments&post=9534"}],"version-history":[{"count":3,"href":"https:\/\/www.manologarciaycia.com\/index.php?rest_route=\/wp\/v2\/pages\/9534\/revisions"}],"predecessor-version":[{"id":22516,"href":"https:\/\/www.manologarciaycia.com\/index.php?rest_route=\/wp\/v2\/pages\/9534\/revisions\/22516"}],"wp:attachment":[{"href":"https:\/\/www.manologarciaycia.com\/index.php?rest_route=%2Fwp%2Fv2%2Fmedia&parent=9534"}],"curies":[{"name":"wp","href":"https:\/\/api.w.org\/{rel}","templated":true}]}}